{"id":105,"date":"2023-02-26T14:46:15","date_gmt":"2023-02-26T13:46:15","guid":{"rendered":"http:\/\/castel-psychanalyse.com\/?page_id=105"},"modified":"2023-02-28T21:00:57","modified_gmt":"2023-02-28T20:00:57","slug":"blog","status":"publish","type":"page","link":"https:\/\/castel-psychanalyse.com\/index.php\/blog\/","title":{"rendered":"BLOG"},"content":{"rendered":"\n<p>Le psychisme peut \u00eatre compar\u00e9 \u00e0 une maison.<\/p>\n\n\n\n<p>Il y a les fondations, l\u2019int\u00e9rieur avec son style, son am\u00e9nagement, t\u00e9moignant de ses go\u00fbts et de ses centres d\u2019int\u00e9r\u00eat, et enfin la maison apparente, avec ses protections, ses murs, ses fen\u00eatres, son paratonnerre\u2026<br>Les fondations repr\u00e9sentent l\u2019inconscient et tout notre v\u00e9cu pr\u00e9coce, il est le socle de notre personnalit\u00e9.<\/p>\n\n\n\n<p>L\u2019int\u00e9rieur est l\u00e0 o\u00f9 nous aimons vivre, entour\u00e9s des choses qui nous plaisent, nous passionnent, de nos go\u00fbts, des plus superficiels aux plus intimes, de nos croyances, nos valeurs, nos traditions familiales&#8230;<br>L\u2019int\u00e9rieur est le c\u0153ur de ce que je suis, ou plut\u00f4t de ce que je pense \u00eatre.<\/p>\n\n\n\n<p>L\u2019ext\u00e9rieur est avant tout une protection contre les attaques de la vie, la pluie, les orages, la neige, le vent, les bruits, les intrus&#8230;L\u2019ext\u00e9rieur symbolise mes m\u00e9canismes de d\u00e9fense face aux attaques psychiques, c\u2019est-\u00e0-dire les coups de la vie, les angoisses, les \u00e9motions fortes, mais aussi les relations aux autres.<\/p>\n\n\n\n<p>Toute cette maison, avec ses caract\u00e9ristiques multiples, d\u00e9finit notre personnalit\u00e9, notre structure psychique. Certaines se ressemblent beaucoup, surtout vues de l\u2019ext\u00e9rieur, mais toutes sont diff\u00e9rentes en de nombreux points.<\/p>\n\n\n\n<p>Ainsi, on d\u00e9crit en psychanalyse de grands types de personnalit\u00e9, mais chaque personne est unique !<\/p>\n","protected":false},"excerpt":{"rendered":"<p>Le psychisme peut \u00eatre compar\u00e9 \u00e0 une maison. Il y a les fondations, l\u2019int\u00e9rieur avec son style, son am\u00e9nagement, t\u00e9moignant de ses go\u00fbts et de ses centres d\u2019int\u00e9r\u00eat, et enfin la maison apparente, avec ses protections, ses murs, ses fen\u00eatres, son paratonnerre\u2026Les fondations repr\u00e9sentent l\u2019inconscient et tout notre v\u00e9cu pr\u00e9coce, il est le socle de &hellip; <\/p>\n","protected":false},"author":1,"featured_media":0,"parent":0,"menu_order":0,"comment_status":"closed","ping_status":"closed","template":"","meta":{"footnotes":""},"class_list":["post-105","page","type-page","status-publish","hentry"],"yoast_head":"<!-- This site is optimized with the Yoast SEO plugin v21.1 - https:\/\/yoast.com\/wordpress\/plugins\/seo\/ -->\n<title>BLOG - Karine Castel - Psychanalyste et Sophrologue %<\/title>\n<meta name=\"robots\" content=\"index, follow, max-snippet:-1, max-image-preview:large, max-video-preview:-1\" \/>\n<link rel=\"canonical\" href=\"https:\/\/castel-psychanalyse.com\/index.php\/blog\/\" \/>\n<meta property=\"og:locale\" content=\"fr_FR\" \/>\n<meta property=\"og:type\" content=\"article\" \/>\n<meta property=\"og:title\" content=\"BLOG - Karine Castel - Psychanalyste et Sophrologue %\" \/>\n<meta property=\"og:description\" content=\"Le psychisme peut \u00eatre compar\u00e9 \u00e0 une maison. Il y a les fondations, l\u2019int\u00e9rieur avec son style, son am\u00e9nagement, t\u00e9moignant de ses go\u00fbts et de ses centres d\u2019int\u00e9r\u00eat, et enfin la maison apparente, avec ses protections, ses murs, ses fen\u00eatres, son paratonnerre\u2026Les fondations repr\u00e9sentent l\u2019inconscient et tout notre v\u00e9cu pr\u00e9coce, il est le socle de &hellip;\" \/>\n<meta property=\"og:url\" content=\"https:\/\/castel-psychanalyse.com\/index.php\/blog\/\" \/>\n<meta property=\"og:site_name\" content=\"Karine Castel - Psychanalyste et Sophrologue\" \/>\n<meta property=\"article:modified_time\" content=\"2023-02-28T20:00:57+00:00\" \/>\n<meta name=\"twitter:card\" content=\"summary_large_image\" \/>\n<meta name=\"twitter:label1\" content=\"Dur\u00e9e de lecture estim\u00e9e\" \/>\n\t<meta name=\"twitter:data1\" content=\"1 minute\" \/>\n<script type=\"application\/ld+json\" class=\"yoast-schema-graph\">{\"@context\":\"https:\/\/schema.org\",\"@graph\":[{\"@type\":\"WebPage\",\"@id\":\"https:\/\/castel-psychanalyse.com\/index.php\/blog\/\",\"url\":\"https:\/\/castel-psychanalyse.com\/index.php\/blog\/\",\"name\":\"BLOG - Karine Castel - Psychanalyste et Sophrologue %\",\"isPartOf\":{\"@id\":\"https:\/\/castel-psychanalyse.com\/#website\"},\"datePublished\":\"2023-02-26T13:46:15+00:00\",\"dateModified\":\"2023-02-28T20:00:57+00:00\",\"breadcrumb\":{\"@id\":\"https:\/\/castel-psychanalyse.com\/index.php\/blog\/#breadcrumb\"},\"inLanguage\":\"fr-FR\",\"potentialAction\":[{\"@type\":\"ReadAction\",\"target\":[\"https:\/\/castel-psychanalyse.com\/index.php\/blog\/\"]}]},{\"@type\":\"BreadcrumbList\",\"@id\":\"https:\/\/castel-psychanalyse.com\/index.php\/blog\/#breadcrumb\",\"itemListElement\":[{\"@type\":\"ListItem\",\"position\":1,\"name\":\"Accueil\",\"item\":\"https:\/\/castel-psychanalyse.com\/\"},{\"@type\":\"ListItem\",\"position\":2,\"name\":\"BLOG\"}]},{\"@type\":\"WebSite\",\"@id\":\"https:\/\/castel-psychanalyse.com\/#website\",\"url\":\"https:\/\/castel-psychanalyse.com\/\",\"name\":\"Karine Castel - Psychanalyste et Sophrologue\",\"description\":\"Karine Castel - Psychanalyste et Sophrologue\",\"publisher\":{\"@id\":\"https:\/\/castel-psychanalyse.com\/#organization\"},\"potentialAction\":[{\"@type\":\"SearchAction\",\"target\":{\"@type\":\"EntryPoint\",\"urlTemplate\":\"https:\/\/castel-psychanalyse.com\/?s={search_term_string}\"},\"query-input\":\"required name=search_term_string\"}],\"inLanguage\":\"fr-FR\"},{\"@type\":\"Organization\",\"@id\":\"https:\/\/castel-psychanalyse.com\/#organization\",\"name\":\"Karine Castel\",\"url\":\"https:\/\/castel-psychanalyse.com\/\",\"logo\":{\"@type\":\"ImageObject\",\"inLanguage\":\"fr-FR\",\"@id\":\"https:\/\/castel-psychanalyse.com\/#\/schema\/logo\/image\/\",\"url\":\"https:\/\/castel-psychanalyse.com\/wp-content\/uploads\/2023\/02\/cropped-BANNIERE-SITE.png\",\"contentUrl\":\"https:\/\/castel-psychanalyse.com\/wp-content\/uploads\/2023\/02\/cropped-BANNIERE-SITE.png\",\"width\":1300,\"height\":500,\"caption\":\"Karine Castel\"},\"image\":{\"@id\":\"https:\/\/castel-psychanalyse.com\/#\/schema\/logo\/image\/\"}}]}<\/script>\n<!-- \/ Yoast SEO plugin. -->","yoast_head_json":{"title":"BLOG - Karine Castel - Psychanalyste et Sophrologue %","robots":{"index":"index","follow":"follow","max-snippet":"max-snippet:-1","max-image-preview":"max-image-preview:large","max-video-preview":"max-video-preview:-1"},"canonical":"https:\/\/castel-psychanalyse.com\/index.php\/blog\/","og_locale":"fr_FR","og_type":"article","og_title":"BLOG - Karine Castel - Psychanalyste et Sophrologue %","og_description":"Le psychisme peut \u00eatre compar\u00e9 \u00e0 une maison. Il y a les fondations, l\u2019int\u00e9rieur avec son style, son am\u00e9nagement, t\u00e9moignant de ses go\u00fbts et de ses centres d\u2019int\u00e9r\u00eat, et enfin la maison apparente, avec ses protections, ses murs, ses fen\u00eatres, son paratonnerre\u2026Les fondations repr\u00e9sentent l\u2019inconscient et tout notre v\u00e9cu pr\u00e9coce, il est le socle de &hellip;","og_url":"https:\/\/castel-psychanalyse.com\/index.php\/blog\/","og_site_name":"Karine Castel - Psychanalyste et Sophrologue","article_modified_time":"2023-02-28T20:00:57+00:00","twitter_card":"summary_large_image","twitter_misc":{"Dur\u00e9e de lecture estim\u00e9e":"1 minute"},"schema":{"@context":"https:\/\/schema.org","@graph":[{"@type":"WebPage","@id":"https:\/\/castel-psychanalyse.com\/index.php\/blog\/","url":"https:\/\/castel-psychanalyse.com\/index.php\/blog\/","name":"BLOG - Karine Castel - Psychanalyste et Sophrologue %","isPartOf":{"@id":"https:\/\/castel-psychanalyse.com\/#website"},"datePublished":"2023-02-26T13:46:15+00:00","dateModified":"2023-02-28T20:00:57+00:00","breadcrumb":{"@id":"https:\/\/castel-psychanalyse.com\/index.php\/blog\/#breadcrumb"},"inLanguage":"fr-FR","potentialAction":[{"@type":"ReadAction","target":["https:\/\/castel-psychanalyse.com\/index.php\/blog\/"]}]},{"@type":"BreadcrumbList","@id":"https:\/\/castel-psychanalyse.com\/index.php\/blog\/#breadcrumb","itemListElement":[{"@type":"ListItem","position":1,"name":"Accueil","item":"https:\/\/castel-psychanalyse.com\/"},{"@type":"ListItem","position":2,"name":"BLOG"}]},{"@type":"WebSite","@id":"https:\/\/castel-psychanalyse.com\/#website","url":"https:\/\/castel-psychanalyse.com\/","name":"Karine Castel - Psychanalyste et Sophrologue","description":"Karine Castel - Psychanalyste et Sophrologue","publisher":{"@id":"https:\/\/castel-psychanalyse.com\/#organization"},"potentialAction":[{"@type":"SearchAction","target":{"@type":"EntryPoint","urlTemplate":"https:\/\/castel-psychanalyse.com\/?s={search_term_string}"},"query-input":"required name=search_term_string"}],"inLanguage":"fr-FR"},{"@type":"Organization","@id":"https:\/\/castel-psychanalyse.com\/#organization","name":"Karine Castel","url":"https:\/\/castel-psychanalyse.com\/","logo":{"@type":"ImageObject","inLanguage":"fr-FR","@id":"https:\/\/castel-psychanalyse.com\/#\/schema\/logo\/image\/","url":"https:\/\/castel-psychanalyse.com\/wp-content\/uploads\/2023\/02\/cropped-BANNIERE-SITE.png","contentUrl":"https:\/\/castel-psychanalyse.com\/wp-content\/uploads\/2023\/02\/cropped-BANNIERE-SITE.png","width":1300,"height":500,"caption":"Karine Castel"},"image":{"@id":"https:\/\/castel-psychanalyse.com\/#\/schema\/logo\/image\/"}}]}},"_links":{"self":[{"href":"https:\/\/castel-psychanalyse.com\/index.php\/wp-json\/wp\/v2\/pages\/105","targetHints":{"allow":["GET"]}}],"collection":[{"href":"https:\/\/castel-psychanalyse.com\/index.php\/wp-json\/wp\/v2\/pages"}],"about":[{"href":"https:\/\/castel-psychanalyse.com\/index.php\/wp-json\/wp\/v2\/types\/page"}],"author":[{"embeddable":true,"href":"https:\/\/castel-psychanalyse.com\/index.php\/wp-json\/wp\/v2\/users\/1"}],"replies":[{"embeddable":true,"href":"https:\/\/castel-psychanalyse.com\/index.php\/wp-json\/wp\/v2\/comments?post=105"}],"version-history":[{"count":2,"href":"https:\/\/castel-psychanalyse.com\/index.php\/wp-json\/wp\/v2\/pages\/105\/revisions"}],"predecessor-version":[{"id":117,"href":"https:\/\/castel-psychanalyse.com\/index.php\/wp-json\/wp\/v2\/pages\/105\/revisions\/117"}],"wp:attachment":[{"href":"https:\/\/castel-psychanalyse.com\/index.php\/wp-json\/wp\/v2\/media?parent=105"}],"curies":[{"name":"wp","href":"https:\/\/api.w.org\/{rel}","templated":true}]}}