{"id":36,"date":"2023-02-15T17:53:32","date_gmt":"2023-02-15T16:53:32","guid":{"rendered":"http:\/\/castel-psychanalyse.com\/?page_id=36"},"modified":"2023-08-24T19:42:39","modified_gmt":"2023-08-24T17:42:39","slug":"qui-suis-je","status":"publish","type":"page","link":"https:\/\/castel-psychanalyse.com\/index.php\/qui-suis-je\/","title":{"rendered":"QUI SUIS-JE ?"},"content":{"rendered":"\n<div class=\"wp-block-group\"><div class=\"wp-block-group__inner-container is-layout-constrained wp-block-group-is-layout-constrained\">\n<div class=\"wp-block-group is-vertical is-content-justification-center is-layout-flex wp-container-core-group-is-layout-4b2eccd6 wp-block-group-is-layout-flex\">\n<p class=\"has-text-align-center has-white-background-color has-text-color has-background\" style=\"color:#57a8c2;font-style:italic;font-weight:700\"><em>\u201c La nature fait les hommes semblables, la vie les rend diff\u00e9rents\u201d<\/em><br>Confucius<\/p>\n<\/div>\n\n\n\n<div style=\"height:20px\" aria-hidden=\"true\" class=\"wp-block-spacer\"><\/div>\n<\/div><\/div>\n\n\n\n<p class=\"has-text-align-left\">Depuis&nbsp;toujours je me suis int\u00e9ress\u00e9e \u00e0 l\u2018\u00eatre humain dans sa singularit\u00e9.&nbsp;<\/p>\n\n\n\n<p class=\"has-text-align-left\">De part mon m\u00e9tier en tant que professionnelle de la remise en forme ou j\u2018accompagnai les personnes \u00e0 prendre soin d\u2019eux dans&nbsp; le c\u00f4t\u00e9 physique.&nbsp;Ensuite par ma formation de sophrologue pour l&rsquo;aspect bien \u00eatre, corporel et mental.<br>Et c\u2018est tout naturellement que j\u2019ai suivi des \u00e9tudes de psychologie pour comprendre et conna\u00eetre&nbsp; le fonctionnement mental et les comportements qui lui sont associ\u00e9s.&nbsp;<\/p>\n\n\n\n<p class=\"has-text-align-left\">Durant ma formation, j\u2019ai \u00e9t\u00e9 sensible \u00e0 l\u2018apport psychanalytique dans la th\u00e9rapie, cela me semblait pertinent et int\u00e9ressant&nbsp;d\u2019appr\u00e9hender le psychisme humain par les voies de l\u2018inconscient.&nbsp;<\/p>\n\n\n\n<p class=\"has-text-align-left\">Ayant eu une formation de 5 ann\u00e9es en psychanalyse et en effectuant un travail analytique personnel, j\u2018ai pu mettre en relation tous les aspects de l \u2018\u00eatre \u00e0 savoir : sa dimension physique, \u00e9motionnelle corporelle et psychique.&nbsp;<\/p>\n\n\n\n<p class=\"has-text-color\" style=\"color:#57a8c2\"><strong>Mes formations&nbsp;<\/strong><\/p>\n\n\n\n<ul class=\"wp-block-list\">\n<li><em>Psychanalyste certifi\u00e9e<\/em> | <em>IFPM &nbsp;Membre de la F\u00e9d\u00e9ration Freudienne de Psychanalyse Freudienne&nbsp;&nbsp;<\/em><\/li>\n<\/ul>\n\n\n\n<ul class=\"wp-block-list\">\n<li><em>Dipl\u00f4m\u00e9e en Psychopathologie | Universit\u00e9 Paul Val\u00e9ry Montpellier&nbsp;&nbsp;&nbsp;<\/em><\/li>\n<\/ul>\n\n\n\n<ul class=\"wp-block-list\">\n<li><em>DU de psychop\u00e9rinatalit\u00e9 |<\/em><em> Universit\u00e9 de M\u00e9decine Montpellier&nbsp;<\/em><\/li>\n<\/ul>\n\n\n\n<ul class=\"wp-block-list\">\n<li><em>Sophrologue Cayc\u00e9dienne |<\/em><em>&nbsp;\u00c9cole Fran\u00e7aise de Sophrologie Montpellier<\/em><\/li>\n<\/ul>\n","protected":false},"excerpt":{"rendered":"<p>\u201c La nature fait les hommes semblables, la vie les rend diff\u00e9rents\u201dConfucius Depuis&nbsp;toujours je me suis int\u00e9ress\u00e9e \u00e0 l\u2018\u00eatre humain dans sa singularit\u00e9.&nbsp; De part mon m\u00e9tier en tant que professionnelle de la remise en forme ou j\u2018accompagnai les personnes \u00e0 prendre soin d\u2019eux dans&nbsp; le c\u00f4t\u00e9 physique.&nbsp;Ensuite par ma formation de sophrologue pour l&rsquo;aspect &hellip; <\/p>\n","protected":false},"author":1,"featured_media":0,"parent":0,"menu_order":0,"comment_status":"closed","ping_status":"closed","template":"","meta":{"footnotes":""},"class_list":["post-36","page","type-page","status-publish","hentry"],"yoast_head":"<!-- This site is optimized with the Yoast SEO plugin v21.1 - https:\/\/yoast.com\/wordpress\/plugins\/seo\/ -->\n<title>QUI SUIS-JE ? - Karine Castel - Psychanalyste et Sophrologue %<\/title>\n<meta name=\"robots\" content=\"index, follow, max-snippet:-1, max-image-preview:large, max-video-preview:-1\" \/>\n<link rel=\"canonical\" href=\"https:\/\/castel-psychanalyse.com\/index.php\/qui-suis-je\/\" \/>\n<meta property=\"og:locale\" content=\"fr_FR\" \/>\n<meta property=\"og:type\" content=\"article\" \/>\n<meta property=\"og:title\" content=\"QUI SUIS-JE ? - Karine Castel - Psychanalyste et Sophrologue %\" \/>\n<meta property=\"og:description\" content=\"\u201c La nature fait les hommes semblables, la vie les rend diff\u00e9rents\u201dConfucius Depuis&nbsp;toujours je me suis int\u00e9ress\u00e9e \u00e0 l\u2018\u00eatre humain dans sa singularit\u00e9.&nbsp; De part mon m\u00e9tier en tant que professionnelle de la remise en forme ou j\u2018accompagnai les personnes \u00e0 prendre soin d\u2019eux dans&nbsp; le c\u00f4t\u00e9 physique.&nbsp;Ensuite par ma formation de sophrologue pour l&rsquo;aspect &hellip;\" \/>\n<meta property=\"og:url\" content=\"https:\/\/castel-psychanalyse.com\/index.php\/qui-suis-je\/\" \/>\n<meta property=\"og:site_name\" content=\"Karine Castel - Psychanalyste et Sophrologue\" \/>\n<meta property=\"article:modified_time\" content=\"2023-08-24T17:42:39+00:00\" \/>\n<meta name=\"twitter:card\" content=\"summary_large_image\" \/>\n<meta name=\"twitter:label1\" content=\"Dur\u00e9e de lecture estim\u00e9e\" \/>\n\t<meta name=\"twitter:data1\" content=\"1 minute\" \/>\n<script type=\"application\/ld+json\" class=\"yoast-schema-graph\">{\"@context\":\"https:\/\/schema.org\",\"@graph\":[{\"@type\":\"WebPage\",\"@id\":\"https:\/\/castel-psychanalyse.com\/index.php\/qui-suis-je\/\",\"url\":\"https:\/\/castel-psychanalyse.com\/index.php\/qui-suis-je\/\",\"name\":\"QUI SUIS-JE ? - Karine Castel - Psychanalyste et Sophrologue %\",\"isPartOf\":{\"@id\":\"https:\/\/castel-psychanalyse.com\/#website\"},\"datePublished\":\"2023-02-15T16:53:32+00:00\",\"dateModified\":\"2023-08-24T17:42:39+00:00\",\"breadcrumb\":{\"@id\":\"https:\/\/castel-psychanalyse.com\/index.php\/qui-suis-je\/#breadcrumb\"},\"inLanguage\":\"fr-FR\",\"potentialAction\":[{\"@type\":\"ReadAction\",\"target\":[\"https:\/\/castel-psychanalyse.com\/index.php\/qui-suis-je\/\"]}]},{\"@type\":\"BreadcrumbList\",\"@id\":\"https:\/\/castel-psychanalyse.com\/index.php\/qui-suis-je\/#breadcrumb\",\"itemListElement\":[{\"@type\":\"ListItem\",\"position\":1,\"name\":\"Accueil\",\"item\":\"https:\/\/castel-psychanalyse.com\/\"},{\"@type\":\"ListItem\",\"position\":2,\"name\":\"QUI SUIS-JE ?\"}]},{\"@type\":\"WebSite\",\"@id\":\"https:\/\/castel-psychanalyse.com\/#website\",\"url\":\"https:\/\/castel-psychanalyse.com\/\",\"name\":\"Karine Castel - Psychanalyste et Sophrologue\",\"description\":\"Karine Castel - Psychanalyste et Sophrologue\",\"publisher\":{\"@id\":\"https:\/\/castel-psychanalyse.com\/#organization\"},\"potentialAction\":[{\"@type\":\"SearchAction\",\"target\":{\"@type\":\"EntryPoint\",\"urlTemplate\":\"https:\/\/castel-psychanalyse.com\/?s={search_term_string}\"},\"query-input\":\"required name=search_term_string\"}],\"inLanguage\":\"fr-FR\"},{\"@type\":\"Organization\",\"@id\":\"https:\/\/castel-psychanalyse.com\/#organization\",\"name\":\"Karine Castel\",\"url\":\"https:\/\/castel-psychanalyse.com\/\",\"logo\":{\"@type\":\"ImageObject\",\"inLanguage\":\"fr-FR\",\"@id\":\"https:\/\/castel-psychanalyse.com\/#\/schema\/logo\/image\/\",\"url\":\"https:\/\/castel-psychanalyse.com\/wp-content\/uploads\/2023\/02\/cropped-BANNIERE-SITE.png\",\"contentUrl\":\"https:\/\/castel-psychanalyse.com\/wp-content\/uploads\/2023\/02\/cropped-BANNIERE-SITE.png\",\"width\":1300,\"height\":500,\"caption\":\"Karine Castel\"},\"image\":{\"@id\":\"https:\/\/castel-psychanalyse.com\/#\/schema\/logo\/image\/\"}}]}<\/script>\n<!-- \/ Yoast SEO plugin. -->","yoast_head_json":{"title":"QUI SUIS-JE ? - Karine Castel - Psychanalyste et Sophrologue %","robots":{"index":"index","follow":"follow","max-snippet":"max-snippet:-1","max-image-preview":"max-image-preview:large","max-video-preview":"max-video-preview:-1"},"canonical":"https:\/\/castel-psychanalyse.com\/index.php\/qui-suis-je\/","og_locale":"fr_FR","og_type":"article","og_title":"QUI SUIS-JE ? - Karine Castel - Psychanalyste et Sophrologue %","og_description":"\u201c La nature fait les hommes semblables, la vie les rend diff\u00e9rents\u201dConfucius Depuis&nbsp;toujours je me suis int\u00e9ress\u00e9e \u00e0 l\u2018\u00eatre humain dans sa singularit\u00e9.&nbsp; De part mon m\u00e9tier en tant que professionnelle de la remise en forme ou j\u2018accompagnai les personnes \u00e0 prendre soin d\u2019eux dans&nbsp; le c\u00f4t\u00e9 physique.&nbsp;Ensuite par ma formation de sophrologue pour l&rsquo;aspect &hellip;","og_url":"https:\/\/castel-psychanalyse.com\/index.php\/qui-suis-je\/","og_site_name":"Karine Castel - Psychanalyste et Sophrologue","article_modified_time":"2023-08-24T17:42:39+00:00","twitter_card":"summary_large_image","twitter_misc":{"Dur\u00e9e de lecture estim\u00e9e":"1 minute"},"schema":{"@context":"https:\/\/schema.org","@graph":[{"@type":"WebPage","@id":"https:\/\/castel-psychanalyse.com\/index.php\/qui-suis-je\/","url":"https:\/\/castel-psychanalyse.com\/index.php\/qui-suis-je\/","name":"QUI SUIS-JE ? - Karine Castel - Psychanalyste et Sophrologue %","isPartOf":{"@id":"https:\/\/castel-psychanalyse.com\/#website"},"datePublished":"2023-02-15T16:53:32+00:00","dateModified":"2023-08-24T17:42:39+00:00","breadcrumb":{"@id":"https:\/\/castel-psychanalyse.com\/index.php\/qui-suis-je\/#breadcrumb"},"inLanguage":"fr-FR","potentialAction":[{"@type":"ReadAction","target":["https:\/\/castel-psychanalyse.com\/index.php\/qui-suis-je\/"]}]},{"@type":"BreadcrumbList","@id":"https:\/\/castel-psychanalyse.com\/index.php\/qui-suis-je\/#breadcrumb","itemListElement":[{"@type":"ListItem","position":1,"name":"Accueil","item":"https:\/\/castel-psychanalyse.com\/"},{"@type":"ListItem","position":2,"name":"QUI SUIS-JE ?"}]},{"@type":"WebSite","@id":"https:\/\/castel-psychanalyse.com\/#website","url":"https:\/\/castel-psychanalyse.com\/","name":"Karine Castel - Psychanalyste et Sophrologue","description":"Karine Castel - Psychanalyste et Sophrologue","publisher":{"@id":"https:\/\/castel-psychanalyse.com\/#organization"},"potentialAction":[{"@type":"SearchAction","target":{"@type":"EntryPoint","urlTemplate":"https:\/\/castel-psychanalyse.com\/?s={search_term_string}"},"query-input":"required name=search_term_string"}],"inLanguage":"fr-FR"},{"@type":"Organization","@id":"https:\/\/castel-psychanalyse.com\/#organization","name":"Karine Castel","url":"https:\/\/castel-psychanalyse.com\/","logo":{"@type":"ImageObject","inLanguage":"fr-FR","@id":"https:\/\/castel-psychanalyse.com\/#\/schema\/logo\/image\/","url":"https:\/\/castel-psychanalyse.com\/wp-content\/uploads\/2023\/02\/cropped-BANNIERE-SITE.png","contentUrl":"https:\/\/castel-psychanalyse.com\/wp-content\/uploads\/2023\/02\/cropped-BANNIERE-SITE.png","width":1300,"height":500,"caption":"Karine Castel"},"image":{"@id":"https:\/\/castel-psychanalyse.com\/#\/schema\/logo\/image\/"}}]}},"_links":{"self":[{"href":"https:\/\/castel-psychanalyse.com\/index.php\/wp-json\/wp\/v2\/pages\/36","targetHints":{"allow":["GET"]}}],"collection":[{"href":"https:\/\/castel-psychanalyse.com\/index.php\/wp-json\/wp\/v2\/pages"}],"about":[{"href":"https:\/\/castel-psychanalyse.com\/index.php\/wp-json\/wp\/v2\/types\/page"}],"author":[{"embeddable":true,"href":"https:\/\/castel-psychanalyse.com\/index.php\/wp-json\/wp\/v2\/users\/1"}],"replies":[{"embeddable":true,"href":"https:\/\/castel-psychanalyse.com\/index.php\/wp-json\/wp\/v2\/comments?post=36"}],"version-history":[{"count":9,"href":"https:\/\/castel-psychanalyse.com\/index.php\/wp-json\/wp\/v2\/pages\/36\/revisions"}],"predecessor-version":[{"id":147,"href":"https:\/\/castel-psychanalyse.com\/index.php\/wp-json\/wp\/v2\/pages\/36\/revisions\/147"}],"wp:attachment":[{"href":"https:\/\/castel-psychanalyse.com\/index.php\/wp-json\/wp\/v2\/media?parent=36"}],"curies":[{"name":"wp","href":"https:\/\/api.w.org\/{rel}","templated":true}]}}